{"id":6699,"date":"2022-02-27T12:36:40","date_gmt":"2022-02-27T11:36:40","guid":{"rendered":"http:\/\/www.tv-rodenbach.de\/?page_id=6699"},"modified":"2022-08-21T10:14:12","modified_gmt":"2022-08-21T08:14:12","slug":"ehrungsordnung","status":"publish","type":"page","link":"http:\/\/www.tv-rodenbach.de\/?page_id=6699","title":{"rendered":"Ehrungsordnung"},"content":{"rendered":"<p><a href=\"http:\/\/www.tv-rodenbach.de\/wp-content\/uploads\/2022\/08\/2022_05_17_Ehrungsordnung-TVR.pdf\">Download Ehrungsordnung TVR<\/a><\/p>\n<p>&nbsp;<\/p>\n<p><span style=\"color: #3366ff;\"><strong>Der TV Rodenbach w\u00fcrdigt die Verdienste seiner Mitglieder, Mitarbeiter und F\u00f6rderer durch Ehrungen.<\/strong><\/span><\/p>\n<p><strong>Pr\u00e4ambel:<\/strong><br \/>\nAus Gr\u00fcnden der Lesbarkeit sind im Ordnungstext durchg\u00e4ngig alle Personen, Funktionen und Amtstr\u00e4gerbezeichnungen in der m\u00e4nnlichen Form gefasst. Soweit die m\u00e4nnliche Form gew\u00e4hlt wird, werden damit alle Geschlechter, (weiblich, m\u00e4nnlich als auch divers) angesprochen.<\/p>\n<p><strong>\u00a7 1 Voraussetzung von Ehrungen<\/strong><\/p>\n<p>1. Der Verein ehrt seine Mitglieder f\u00fcr ununterbrochene Mitgliedschaft \u00fcber 25 Jahre, \u00fcber 40 Jahre, \u00fcber 50 Jahre und im Weiteren im Abstand zehnj\u00e4hriger Mitgliedschaft.<br \/>\n2. Der Verein ehrt seine Sportler und Mannschaften f\u00fcr regionale und \u00fcberregionale Erfolge sowie f\u00fcr sonstige herausragende Leistungen.<br \/>\n3. Der Verein ehrt seine F\u00f6rderer, seine Mitglieder und seine ehrenamtlichen Mitarbeiter f\u00fcr besondere Verdienste.<br \/>\n4. Der Verein ehrt seiner Mitglieder und ehrenamtlichen Mitarbeiter f\u00fcr au\u00dferordentliche Verdienste.<\/p>\n<p><strong>\u00a72 Arten und Verleihung von Ehrungen<\/strong><\/p>\n<p>F\u00fcr die Verleihung der Ehrungen ist der Vorstand zust\u00e4ndig. Er kann die Zust\u00e4ndigkeit an andere geeignete Personen \u00fcbertragen. Der Verein \u00fcbergibt bei der jeweiligen Ehrung eine Urkunde und\/oder ein angemessenes Pr\u00e4sent in einer entsprechenden Rahmenveranstaltung. Dar\u00fcber hinaus kann die Ehrung f\u00fcr au\u00dferordentliche Verdienste nach \u00a7 1 Abs. 4 als h\u00f6chste Ehrung, die Ernennung zum Ehrenmitglied, beziehungsweise zum \u201eEhrenamt&#8220; (z. B. Ehrenvorsitzender) und die Beitragsfreiheit enthalten.<\/p>\n<p><strong>\u00a73 Beantragung und Entscheidung \u00fcber die Ehrungen<\/strong><\/p>\n<p>1. Bei Ehrungen gem\u00e4\u00df \u00a7 1 Abs. 1 entf\u00e4llt die Beantragung und Entscheidung; die Ehrung ergibt sich aus der Dauer der Mitgliedschaft.<br \/>\n2. Die sportlichen Ehrungen gem\u00e4\u00df \u00a7 1 Abs. 2 werden von den jeweiligen Abteilungsleitern oder dem Vorstand beantragt und vom Vorstand entschieden.<br \/>\n3. Ehrungen f\u00fcr besondere Verdienste gem\u00e4\u00df \u00a7 1 Abs. 3 werden vom Vorstand beantragt und entschieden.<br \/>\n4. Ehrungen f\u00fcr au\u00dferordentliche Verdienste gem\u00e4\u00df \u00a7 1 Abs. 4 werden vom Vorstand beantragt und vom Hauptausschuss entschieden.<\/p>\n<p><strong>\u00a74 Sonstige Ehrungen<\/strong><\/p>\n<p>Zum 60., 70, 80., 85., und 90. Geburtstag eines Mitglieds und danach jedes Jahr gratuliert der Verein in geeigneter Form.<br \/>\nDer Verein erweist beim Tod eines Mitglieds die letzte Ehre.<\/p>\n<p>Diese Ordnung wurde auf der Mitgliederversammlung vom 2. April 2006 beschlossen und in der Vorstandssitzung am 02. Mai 2018 erg\u00e4nzt.<\/p>\n<p>Diese \u00c4nderung wurde in der Vorstandssitzung vom 17.05.2022 beschlossen und tritt zum 01.01.2023 in Kraft<\/p>\n","protected":false},"excerpt":{"rendered":"<p>Download Ehrungsordnung TVR &nbsp; Der TV Rodenbach w\u00fcrdigt die Verdienste seiner Mitglieder, Mitarbeiter und F\u00f6rderer durch Ehrungen. Pr\u00e4ambel: Aus Gr\u00fcnden der Lesbarkeit sind im Ordnungstext durchg\u00e4ngig alle Personen, Funktionen und Amtstr\u00e4gerbezeichnungen in der m\u00e4nnlichen Form gefasst. Soweit die m\u00e4nnliche Form<span class=\"ellipsis\">&hellip;<\/span><\/p>\n<div class=\"read-more\"><a href=\"http:\/\/www.tv-rodenbach.de\/?page_id=6699\">Weiterlesen <span class=\"screen-reader-text\">Ehrungsordnung<\/span><span class=\"meta-nav\"> &#8250;<\/span><\/a><\/div>\n<p><!-- end of .read-more --><\/p>\n","protected":false},"author":1,"featured_media":0,"parent":0,"menu_order":0,"comment_status":"closed","ping_status":"closed","template":"","meta":{"ngg_post_thumbnail":0,"footnotes":""},"class_list":["post-6699","page","type-page","status-publish","hentry"],"_links":{"self":[{"href":"http:\/\/www.tv-rodenbach.de\/index.php?rest_route=\/wp\/v2\/pages\/6699","targetHints":{"allow":["GET"]}}],"collection":[{"href":"http:\/\/www.tv-rodenbach.de\/index.php?rest_route=\/wp\/v2\/pages"}],"about":[{"href":"http:\/\/www.tv-rodenbach.de\/index.php?rest_route=\/wp\/v2\/types\/page"}],"author":[{"embeddable":true,"href":"http:\/\/www.tv-rodenbach.de\/index.php?rest_route=\/wp\/v2\/users\/1"}],"replies":[{"embeddable":true,"href":"http:\/\/www.tv-rodenbach.de\/index.php?rest_route=%2Fwp%2Fv2%2Fcomments&post=6699"}],"version-history":[{"count":7,"href":"http:\/\/www.tv-rodenbach.de\/index.php?rest_route=\/wp\/v2\/pages\/6699\/revisions"}],"predecessor-version":[{"id":7208,"href":"http:\/\/www.tv-rodenbach.de\/index.php?rest_route=\/wp\/v2\/pages\/6699\/revisions\/7208"}],"wp:attachment":[{"href":"http:\/\/www.tv-rodenbach.de\/index.php?rest_route=%2Fwp%2Fv2%2Fmedia&parent=6699"}],"curies":[{"name":"wp","href":"https:\/\/api.w.org\/{rel}","templated":true}]}}