{"id":37,"date":"2016-05-03T15:53:46","date_gmt":"2016-05-03T13:53:46","guid":{"rendered":"http:\/\/www.tv-rodenbach.de\/?page_id=37"},"modified":"2024-05-30T11:41:51","modified_gmt":"2024-05-30T09:41:51","slug":"vorstand","status":"publish","type":"page","link":"http:\/\/www.tv-rodenbach.de\/?page_id=37","title":{"rendered":"Vorstand"},"content":{"rendered":"<table style=\"width: 48.7746%; height: 1701px;\">\n<tbody>\n<tr style=\"height: 231px;\">\n<td style=\"width: 100%; height: 231px;\">\n<h3>1. Vorsitzender<\/h3>\n<p><img decoding=\"async\" class=\"wp-image-44 size-thumbnail alignleft\" src=\"http:\/\/www.tv-rodenbach.de\/wp-content\/uploads\/2016\/05\/hienerwadel-150x150.jpg\" alt=\"Klaus Hienerwadel\" width=\"150\" height=\"150\"><b>Klaus Hienerwadel<\/b><\/p>\n<p>(0162-42 36 364)<br \/>\ninfo@tv-rodenbach.de<\/td>\n<\/tr>\n<tr style=\"height: 48px;\">\n<td style=\"width: 100%; height: 48px;\">Leitung des Vereins und Gesch\u00e4ftsf\u00fchrung<br \/>\nKoordination der Abteilungen und repr\u00e4sentative Aufgaben<\/td>\n<\/tr>\n<tr style=\"height: 231px;\">\n<td style=\"width: 100%; height: 231px;\">\n<h3>2. Vorsitzender<\/h3>\n<p><img decoding=\"async\" class=\"wp-image-44 size-thumbnail alignleft\" src=\"http:\/\/www.tv-rodenbach.de\/wp-content\/uploads\/2016\/05\/lind-150x150.jpg\" alt=\"Peter Lind\" width=\"150\" height=\"150\"><strong>&nbsp;Peter Lind<\/strong><\/td>\n<\/tr>\n<tr style=\"height: 24px;\">\n<td style=\"width: 100%; height: 24px;\">gesetzl. Vertreter des 1. Vorsitzenden mit gleichem Aufgabenfeld<\/td>\n<\/tr>\n<tr style=\"height: 231px;\">\n<td style=\"width: 100%; height: 231px;\">\n<h3>Kassenreferent<\/h3>\n<p><img decoding=\"async\" class=\"alignleft wp-image-44 size-thumbnail\" src=\"http:\/\/www.tv-rodenbach.de\/wp-content\/uploads\/2016\/05\/proebst-150x150.jpg\" alt=\"Norbert Pr\u00f6bst\" width=\"150\" height=\"150\"><strong>Norbert Pr\u00f6bst&nbsp;<\/strong><\/td>\n<\/tr>\n<tr style=\"height: 145px;\">\n<td style=\"width: 100%; height: 121px;\">\n<h3>Pressereferentin<\/h3>\n<p><b>Julia R\u00fcdiger&nbsp;<\/b><\/p>\n<p>juliaruediger97@gmx.de&nbsp;<\/td>\n<\/tr>\n<tr style=\"height: 48px;\">\n<td style=\"width: 100%; height: 48px;\">Koordination und Verantwortlichkeit der \u00d6ffentlichkeitsarbeit<br \/>\nder Abteilungen und des Gesamtvereins<\/td>\n<\/tr>\n<tr style=\"height: 230px;\">\n<td style=\"width: 100%; height: 230px;\">\n<h3>Schriftf\u00fchrerin &nbsp;&nbsp; &nbsp; &nbsp; &nbsp; &nbsp; &nbsp;<\/h3>\n<p><strong>&nbsp; <img loading=\"lazy\" decoding=\"async\" class=\"wp-image-7494 alignleft\" src=\"http:\/\/www.tv-rodenbach.de\/wp-content\/uploads\/2022\/12\/image0-233x300.jpeg\" alt=\"\" width=\"116\" height=\"150\" srcset=\"http:\/\/www.tv-rodenbach.de\/wp-content\/uploads\/2022\/12\/image0-233x300.jpeg 233w, http:\/\/www.tv-rodenbach.de\/wp-content\/uploads\/2022\/12\/image0-117x150.jpeg 117w, http:\/\/www.tv-rodenbach.de\/wp-content\/uploads\/2022\/12\/image0-768x987.jpeg 768w, http:\/\/www.tv-rodenbach.de\/wp-content\/uploads\/2022\/12\/image0-100x128.jpeg 100w, http:\/\/www.tv-rodenbach.de\/wp-content\/uploads\/2022\/12\/image0-150x193.jpeg 150w, http:\/\/www.tv-rodenbach.de\/wp-content\/uploads\/2022\/12\/image0-200x257.jpeg 200w, http:\/\/www.tv-rodenbach.de\/wp-content\/uploads\/2022\/12\/image0-300x385.jpeg 300w, http:\/\/www.tv-rodenbach.de\/wp-content\/uploads\/2022\/12\/image0-450x578.jpeg 450w, http:\/\/www.tv-rodenbach.de\/wp-content\/uploads\/2022\/12\/image0-600x771.jpeg 600w, http:\/\/www.tv-rodenbach.de\/wp-content\/uploads\/2022\/12\/image0.jpeg 797w\" sizes=\"(max-width: 116px) 100vw, 116px\" \/> &nbsp; &nbsp;&nbsp; Silke Grosser&nbsp; &nbsp;<\/strong> &nbsp; &nbsp; &nbsp; &nbsp; &nbsp; &nbsp;&nbsp;&nbsp;&nbsp; &nbsp; &nbsp;&nbsp;&nbsp;&nbsp;&nbsp;&nbsp;&nbsp;&nbsp;&nbsp;&nbsp;&nbsp;&nbsp;&nbsp;&nbsp;&nbsp;&nbsp;&nbsp;&nbsp;&nbsp;&nbsp;&nbsp;&nbsp;<\/p>\n<p>&nbsp;<\/td>\n<\/tr>\n<tr style=\"height: 48px;\">\n<td style=\"width: 100%; height: 48px;\">Protokolle, Belegung von Halle u. Clubraum Terminkoordination<\/td>\n<\/tr>\n<tr style=\"height: 231px;\">\n<td style=\"width: 100%; height: 231px;\">\n<h3>Liegenschaftsreferent<\/h3>\n<p><img loading=\"lazy\" decoding=\"async\" class=\"wp-image-44 size-thumbnail alignleft\" src=\"http:\/\/www.tv-rodenbach.de\/wp-content\/uploads\/2016\/05\/aderjan-150x150.jpg\" alt=\"Thomas Aderjan\" width=\"150\" height=\"150\"><b>Thomas Aderjan<br \/>\n<\/b><\/td>\n<\/tr>\n<tr style=\"height: 48px;\">\n<td style=\"width: 100%; height: 48px;\">Instandhaltung und Pflege der Sportst\u00e4tten und -ger\u00e4te<br \/>\nSchl\u00fcsselvergabe und -verwaltung<\/td>\n<\/tr>\n<tr style=\"height: 105px;\">\n<td style=\"width: 100%; height: 105px;\">\n<h3>Stellvertretender Liegenschaftsreferent<\/h3>\n<p><strong>Stefan Weiss<\/strong><\/td>\n<\/tr>\n<tr style=\"height: 105px;\">\n<td style=\"width: 100%; height: 105px;\">\n<h3>Jugendwart<\/h3>\n<p><b>Trixi Wegert<br \/>\n<\/b><\/td>\n<\/tr>\n<\/tbody>\n<\/table>\n<p>&nbsp;<\/p>\n","protected":false},"excerpt":{"rendered":"<p>1. Vorsitzender Klaus Hienerwadel (0162-42 36 364) info@tv-rodenbach.de Leitung des Vereins und Gesch\u00e4ftsf\u00fchrung Koordination der Abteilungen und repr\u00e4sentative Aufgaben 2. Vorsitzender &nbsp;Peter Lind gesetzl. Vertreter des 1. Vorsitzenden mit gleichem Aufgabenfeld Kassenreferent Norbert Pr\u00f6bst&nbsp; Pressereferentin Julia R\u00fcdiger&nbsp; juliaruediger97@gmx.de&nbsp; Koordination und<span class=\"ellipsis\">&hellip;<\/span><\/p>\n<div class=\"read-more\"><a href=\"http:\/\/www.tv-rodenbach.de\/?page_id=37\">Weiterlesen <span class=\"screen-reader-text\">Vorstand<\/span><span class=\"meta-nav\"> &#8250;<\/span><\/a><\/div>\n<p><!-- end of .read-more --><\/p>\n","protected":false},"author":1,"featured_media":0,"parent":0,"menu_order":0,"comment_status":"closed","ping_status":"closed","template":"","meta":{"ngg_post_thumbnail":0,"footnotes":""},"class_list":["post-37","page","type-page","status-publish","hentry"],"_links":{"self":[{"href":"http:\/\/www.tv-rodenbach.de\/index.php?rest_route=\/wp\/v2\/pages\/37","targetHints":{"allow":["GET"]}}],"collection":[{"href":"http:\/\/www.tv-rodenbach.de\/index.php?rest_route=\/wp\/v2\/pages"}],"about":[{"href":"http:\/\/www.tv-rodenbach.de\/index.php?rest_route=\/wp\/v2\/types\/page"}],"author":[{"embeddable":true,"href":"http:\/\/www.tv-rodenbach.de\/index.php?rest_route=\/wp\/v2\/users\/1"}],"replies":[{"embeddable":true,"href":"http:\/\/www.tv-rodenbach.de\/index.php?rest_route=%2Fwp%2Fv2%2Fcomments&post=37"}],"version-history":[{"count":39,"href":"http:\/\/www.tv-rodenbach.de\/index.php?rest_route=\/wp\/v2\/pages\/37\/revisions"}],"predecessor-version":[{"id":8966,"href":"http:\/\/www.tv-rodenbach.de\/index.php?rest_route=\/wp\/v2\/pages\/37\/revisions\/8966"}],"wp:attachment":[{"href":"http:\/\/www.tv-rodenbach.de\/index.php?rest_route=%2Fwp%2Fv2%2Fmedia&parent=37"}],"curies":[{"name":"wp","href":"https:\/\/api.w.org\/{rel}","templated":true}]}}