{"id":306,"date":"2016-05-19T10:22:08","date_gmt":"2016-05-19T08:22:08","guid":{"rendered":"http:\/\/www.tv-rodenbach.de\/?page_id=306"},"modified":"2026-03-15T10:38:45","modified_gmt":"2026-03-15T09:38:45","slug":"maenner-fit","status":"publish","type":"page","link":"http:\/\/www.tv-rodenbach.de\/?page_id=306","title":{"rendered":"M\u00e4nner Fit"},"content":{"rendered":"<h4>\u00dcbungsleiter<\/h4>\n<p>Bernhard Metzger (0171 &#8211; 777 97 36, bemerod@t-online.de)<\/p>\n<h4>Die aktuellen Trainingszeiten findet ihr in unserem Sportplan<\/h4>\n<hr>\n<p>Unsere Trainingsinhalte im \u201eM\u00e4nner Fit\u201c dienen wortgem\u00e4\u00df der \u201eFitness und Gesunderhaltung von K\u00f6rper, Geist und Seele.<\/p>\n<p>So beginnt das Training, Musik unterlegt, mit der Aufw\u00e4rmphase ein Laufen\/Gehen mit kleinen Lockerungs\u00fcbungen. Danach folgt ein Konditionsteil. Nun machen wir unterschiedliche vorbereitende \u00dcbungen z.B. aus der R\u00fcckenschule, dem Pilates, Joga oder anderen fern\u00f6stlichen Programmen, um dann zum Schwerpunkt des jeweiligen Trainings zu kommen.<\/p>\n<p>Die Schwerpunkte sind oft ganz unterschiedlicher Art gepr\u00e4gt von Kraft, Koordination, Gleichgewicht und&nbsp;Beweglichkeit. Es wird&nbsp;auch durchaus gezielt trainiert wie f\u00fcr Ski- und Radtouren. Auch Bauchtraining f\u00fcr das Essen \ud83d\ude09<br \/>\nMit einer kleinen Dehn- und Relaxeinheit wird das eigentliche Training abgerundet.<\/p>\n<p>Wer noch etwas f\u00fcr den Teamgeist sowie den Spa\u00df tun will kann in einem Ballspiel wie Basketball oder Fu\u00dfball den Trainingsabend abschlie\u00dfen.<\/p>\n<p>Unser Training ist f\u00fcr jedes ALTER geeignet. Das Level kann jeder, je nach Fitness, Gesundheit, und Alter selbst dosieren. Zur Zeit haben wir eine Altersstruktur von 25-85 Jahren.<\/p>\n<p>Alternativ bieten wir auch noch reines&nbsp;Indoor Cycling an.<\/p>\n<p>&nbsp;<\/p>\n<p>&nbsp;<\/p>\n","protected":false},"excerpt":{"rendered":"<p>\u00dcbungsleiter Bernhard Metzger (0171 &#8211; 777 97 36, bemerod@t-online.de) Die aktuellen Trainingszeiten findet ihr in unserem Sportplan Unsere Trainingsinhalte im \u201eM\u00e4nner Fit\u201c dienen wortgem\u00e4\u00df der \u201eFitness und Gesunderhaltung von K\u00f6rper, Geist und Seele. So beginnt das Training, Musik unterlegt, mit<span class=\"ellipsis\">&hellip;<\/span><\/p>\n<div class=\"read-more\"><a href=\"http:\/\/www.tv-rodenbach.de\/?page_id=306\">Weiterlesen <span class=\"screen-reader-text\">M\u00e4nner Fit<\/span><span class=\"meta-nav\"> &#8250;<\/span><\/a><\/div>\n<p><!-- end of .read-more --><\/p>\n","protected":false},"author":1,"featured_media":0,"parent":0,"menu_order":0,"comment_status":"closed","ping_status":"closed","template":"","meta":{"ngg_post_thumbnail":0,"footnotes":""},"class_list":["post-306","page","type-page","status-publish","hentry"],"_links":{"self":[{"href":"http:\/\/www.tv-rodenbach.de\/index.php?rest_route=\/wp\/v2\/pages\/306","targetHints":{"allow":["GET"]}}],"collection":[{"href":"http:\/\/www.tv-rodenbach.de\/index.php?rest_route=\/wp\/v2\/pages"}],"about":[{"href":"http:\/\/www.tv-rodenbach.de\/index.php?rest_route=\/wp\/v2\/types\/page"}],"author":[{"embeddable":true,"href":"http:\/\/www.tv-rodenbach.de\/index.php?rest_route=\/wp\/v2\/users\/1"}],"replies":[{"embeddable":true,"href":"http:\/\/www.tv-rodenbach.de\/index.php?rest_route=%2Fwp%2Fv2%2Fcomments&post=306"}],"version-history":[{"count":13,"href":"http:\/\/www.tv-rodenbach.de\/index.php?rest_route=\/wp\/v2\/pages\/306\/revisions"}],"predecessor-version":[{"id":9973,"href":"http:\/\/www.tv-rodenbach.de\/index.php?rest_route=\/wp\/v2\/pages\/306\/revisions\/9973"}],"wp:attachment":[{"href":"http:\/\/www.tv-rodenbach.de\/index.php?rest_route=%2Fwp%2Fv2%2Fmedia&parent=306"}],"curies":[{"name":"wp","href":"https:\/\/api.w.org\/{rel}","templated":true}]}}