{"id":277,"date":"2016-05-18T14:02:56","date_gmt":"2016-05-18T12:02:56","guid":{"rendered":"http:\/\/www.tv-rodenbach.de\/?page_id=277"},"modified":"2026-03-15T10:41:04","modified_gmt":"2026-03-15T09:41:04","slug":"volleyball","status":"publish","type":"page","link":"http:\/\/www.tv-rodenbach.de\/?page_id=277","title":{"rendered":"Volleyball"},"content":{"rendered":"<h4><img decoding=\"async\" class=\"wp-image-5035 alignright\" src=\"http:\/\/www.tv-rodenbach.de\/wp-content\/uploads\/2019\/03\/TVR_Volleyball-1.jpg\" alt=\"\" width=\"175\" height=\"176\" srcset=\"http:\/\/www.tv-rodenbach.de\/wp-content\/uploads\/2019\/03\/TVR_Volleyball-1.jpg 732w, http:\/\/www.tv-rodenbach.de\/wp-content\/uploads\/2019\/03\/TVR_Volleyball-1-150x150.jpg 150w, http:\/\/www.tv-rodenbach.de\/wp-content\/uploads\/2019\/03\/TVR_Volleyball-1-300x301.jpg 300w, http:\/\/www.tv-rodenbach.de\/wp-content\/uploads\/2019\/03\/TVR_Volleyball-1-100x100.jpg 100w, http:\/\/www.tv-rodenbach.de\/wp-content\/uploads\/2019\/03\/TVR_Volleyball-1-200x201.jpg 200w, http:\/\/www.tv-rodenbach.de\/wp-content\/uploads\/2019\/03\/TVR_Volleyball-1-450x451.jpg 450w, http:\/\/www.tv-rodenbach.de\/wp-content\/uploads\/2019\/03\/TVR_Volleyball-1-600x602.jpg 600w\" sizes=\"(max-width: 175px) 100vw, 175px\" \/>\u00dcbungsleiter<\/h4>\n<p>J\u00f6rg Zimmermann (06374 &#8211; 991504, zimjo@aol.com)<\/p>\n<p>Raimund&nbsp;Wilkins (Jugend)<\/p>\n<h4>Die aktuellen Trainingszeiten findet ihr in unserem Sportplan<\/h4>\n<hr>\n<p>Vor \u00fcber 30 Jahren fanden sich die ersten Volleyballer im TVR zusammen. Seit damals wird flei\u00dfig und in diversen Mannschaften gespielt.<\/p>\n<p>Wer nun von kleinen oder auch gr\u00f6\u00dferen Wehwehchen geplagt wird und nicht am Training teilnehmen kann, hat die M\u00f6glichkeit sich auf den ab 20.15 Uhr jeden Montag auf Indoor Cycling-R\u00e4der fit zu halten. Ob schnell oder langsam, mit Schulter-, Knie-, H\u00fcft- oder R\u00fcckenproblemen, hier werden keine Unterschiede gemacht. Jeder f\u00e4hrt, wie er es f\u00fcr sich als gut empfindet und nach einer Stunde haben alle gemeinsam das Ziel erreicht.<\/p>\n<p>Nach dem Duschen finden sich dann Radler und Volleyballer wieder zusammen zu einem kleinen Umtrunk und man l\u00e4sst den Abend in geselliger Runde ausklingen.<\/p>\n<p>F\u00fcr Anf\u00e4nger und Fortgeschrittene, Frauen und M\u00e4nner, nur zum Spa\u00df oder auch in einer Mannschaft.<\/p>\n<p>&nbsp;<\/p>\n","protected":false},"excerpt":{"rendered":"<p>\u00dcbungsleiter J\u00f6rg Zimmermann (06374 &#8211; 991504, zimjo@aol.com) Raimund&nbsp;Wilkins (Jugend) Die aktuellen Trainingszeiten findet ihr in unserem Sportplan Vor \u00fcber 30 Jahren fanden sich die ersten Volleyballer im TVR zusammen. Seit damals wird flei\u00dfig und in diversen Mannschaften gespielt. Wer nun<span class=\"ellipsis\">&hellip;<\/span><\/p>\n<div class=\"read-more\"><a href=\"http:\/\/www.tv-rodenbach.de\/?page_id=277\">Weiterlesen <span class=\"screen-reader-text\">Volleyball<\/span><span class=\"meta-nav\"> &#8250;<\/span><\/a><\/div>\n<p><!-- end of .read-more --><\/p>\n","protected":false},"author":1,"featured_media":0,"parent":0,"menu_order":0,"comment_status":"closed","ping_status":"closed","template":"","meta":{"ngg_post_thumbnail":0,"footnotes":""},"class_list":["post-277","page","type-page","status-publish","hentry"],"_links":{"self":[{"href":"http:\/\/www.tv-rodenbach.de\/index.php?rest_route=\/wp\/v2\/pages\/277","targetHints":{"allow":["GET"]}}],"collection":[{"href":"http:\/\/www.tv-rodenbach.de\/index.php?rest_route=\/wp\/v2\/pages"}],"about":[{"href":"http:\/\/www.tv-rodenbach.de\/index.php?rest_route=\/wp\/v2\/types\/page"}],"author":[{"embeddable":true,"href":"http:\/\/www.tv-rodenbach.de\/index.php?rest_route=\/wp\/v2\/users\/1"}],"replies":[{"embeddable":true,"href":"http:\/\/www.tv-rodenbach.de\/index.php?rest_route=%2Fwp%2Fv2%2Fcomments&post=277"}],"version-history":[{"count":18,"href":"http:\/\/www.tv-rodenbach.de\/index.php?rest_route=\/wp\/v2\/pages\/277\/revisions"}],"predecessor-version":[{"id":9978,"href":"http:\/\/www.tv-rodenbach.de\/index.php?rest_route=\/wp\/v2\/pages\/277\/revisions\/9978"}],"wp:attachment":[{"href":"http:\/\/www.tv-rodenbach.de\/index.php?rest_route=%2Fwp%2Fv2%2Fmedia&parent=277"}],"curies":[{"name":"wp","href":"https:\/\/api.w.org\/{rel}","templated":true}]}}